{"id":805,"date":"2017-02-15T16:44:40","date_gmt":"2017-02-15T16:44:40","guid":{"rendered":"http:\/\/www.euroferramentas.pt\/?page_id=805"},"modified":"2017-03-02T12:47:49","modified_gmt":"2017-03-02T12:47:49","slug":"proteccao-seguranca-e-higiene","status":"publish","type":"page","link":"https:\/\/www.euroferramentas.pt\/?page_id=805","title":{"rendered":"Protec\u00e7\u00e3o, seguran\u00e7a e higiene"},"content":{"rendered":"<p style=\"text-align: center;\"><span style=\"font-size: 18pt; font-family: 'trebuchet ms', geneva, sans-serif;\">Protec\u00e7\u00e3o, seguran\u00e7a e higiene<\/span><\/p>\n<table style=\"height: 223px;\" width=\"814\">\n<tbody>\n<tr style=\"height: 32px;\">\n<td style=\"width: 264px; height: 32px;\" colspan=\"3\"><\/td>\n<\/tr>\n<tr style=\"height: 67px;\">\n<td style=\"width: 264px; height: 67px;\"><\/td>\n<td style=\"width: 264px; height: 67px; text-align: center;\"><img loading=\"lazy\" decoding=\"async\" class=\"aligncenter size-full wp-image-1149\" src=\"http:\/\/www.euroferramentas.pt\/wp-content\/uploads\/2017\/02\/marca.jpg\" alt=\"\" width=\"225\" height=\"225\" srcset=\"https:\/\/www.euroferramentas.pt\/wp-content\/uploads\/2017\/02\/marca.jpg 225w, https:\/\/www.euroferramentas.pt\/wp-content\/uploads\/2017\/02\/marca-150x150.jpg 150w\" sizes=\"(max-width: 225px) 100vw, 225px\" \/><\/td>\n<td style=\"width: 264px; height: 67px;\"><\/td>\n<\/tr>\n<tr style=\"height: 67px;\">\n<td style=\"width: 264px; height: 67px;\"><\/td>\n<td style=\"width: 264px; height: 67px;\"><\/td>\n<td style=\"width: 264px; height: 67px;\"><\/td>\n<\/tr>\n<\/tbody>\n<\/table>\n","protected":false},"excerpt":{"rendered":"<p>Protec\u00e7\u00e3o, seguran\u00e7a e higiene<\/p>\n","protected":false},"author":4,"featured_media":0,"parent":0,"menu_order":0,"comment_status":"closed","ping_status":"closed","template":"templates\/template-full-notitle.php","meta":{"footnotes":""},"_links":{"self":[{"href":"https:\/\/www.euroferramentas.pt\/index.php?rest_route=\/wp\/v2\/pages\/805"}],"collection":[{"href":"https:\/\/www.euroferramentas.pt\/index.php?rest_route=\/wp\/v2\/pages"}],"about":[{"href":"https:\/\/www.euroferramentas.pt\/index.php?rest_route=\/wp\/v2\/types\/page"}],"author":[{"embeddable":true,"href":"https:\/\/www.euroferramentas.pt\/index.php?rest_route=\/wp\/v2\/users\/4"}],"replies":[{"embeddable":true,"href":"https:\/\/www.euroferramentas.pt\/index.php?rest_route=%2Fwp%2Fv2%2Fcomments&post=805"}],"version-history":[{"count":5,"href":"https:\/\/www.euroferramentas.pt\/index.php?rest_route=\/wp\/v2\/pages\/805\/revisions"}],"predecessor-version":[{"id":1150,"href":"https:\/\/www.euroferramentas.pt\/index.php?rest_route=\/wp\/v2\/pages\/805\/revisions\/1150"}],"wp:attachment":[{"href":"https:\/\/www.euroferramentas.pt\/index.php?rest_route=%2Fwp%2Fv2%2Fmedia&parent=805"}],"curies":[{"name":"wp","href":"https:\/\/api.w.org\/{rel}","templated":true}]}}